773*k - 711. What is n(-325)?
-61
Let x(t) = -22*t**3 + 462*t**2 - 44*t - 32. Give x(21).
-956
Let o(n) = 3373*n - 816205. Calculate o(242).
61
Let q(i) = -i**3 - 132*i**2 - 667*i - 170. Give q(-5).
-10
Let h(l) = 26735*l - 2833917. Determine h(106).
-7
Let f(c) = c**2 + 6132*c - 18412. What is f(3)?
-7
Let v(w) = 89*w**3 + 30962*w**2 - 3478*w + 719. Give v(-348).
23
Let i(m) = 5*m**2 - 1562*m - 23742. Determine i(327).
129
Let s(u) = -u**2 + 116*u + 4788. Calculate s(-31).
231
Let m(b) = 3*b**3 - 30*b**2 - 113*b + 916. Determine m(8).
-372
Let k(n) = -25*n**2 - 2954*n - 32209. Calculate k(-106).
15
Let r(z) = 222558*z - 222614. What is r(1)?
-56
Let u(p) = 5977*p - 723219. Determine u(121).
-2
Let z(u) = -6*u**2 - 531*u + 5168. What is z(9)?
-97
Let g(b) = b**3 - 195*b**2 - 705*b - 59013. Calculate g(200).
-13
Let o(l) = 29*l**3 + 1324*l**2 - 1330*l + 4. Determine o(1).
27
Let f(l) = 364*l**2 + 530*l + 108. What is f(-3)?
1794
Let h(v) = 1433*v + 43012. What is h(-30)?
22
Let j(g) = 3*g**2 - 525*g - 20576. What is j(208)?
16
Let s(q) = -q**3 - 129*q**2 - 744*q + 518. Calculate s(-123).
1256
Let s(d) = -44185*d + 11797401. Give s(267).
6
Let r(q) = 4804*q + 19225. Give r(-4).
9
Let s(m) = 2*m**2 + 1460*m - 755995. Calculate s(-1080).
5
Let f(l) = 2*l**3 + 45*l**2 - 337*l + 85. Give f(-29).
-1075
Let o(d) = d**3 - 175*d**2 + 6385*d + 606. Give o(52).
34
Let m(g) = 9*g**2 - 133860*g + 535299. Determine m(4).
3
Let r(n) = 1393*n - 13638. Give r(10).
292
Let w(y) = -y**2 - 5902*y + 430475. Give w(72).
347
Let i(a) = 58673*a + 1173477. Determine i(-20).
17
Let o(v) = 142551*v - 1425521. What is o(10)?
-11
Let y(k) = -257*k + 17735. Determine y(66).
773
Let o(x) = -6*x**2 + 1887*x - 12381. What is o(308)?
-369
Let a(x) = -x**3 + 19*x**2 + 412*x - 301. Calculate a(32).
-429
Let u(o) = -2183*o**2 - 87321*o - 27. What is u(-40)?
13
Let i(m) = -3289774*m + 29607974. What is i(9)?
8
Let m(h) = -58*h + 7832. Calculate m(135).
2
Let k(f) = -1849*f**2 - 12782*f + 1102. Give k(-7).
-25
Let l(t) = 3*t**3 + 681*t**2 - 39*t - 8883. What is l(-227)?
-30
Let k(g) = -26*g + 523. Give k(17).
81
Let n(f) = -839*f - 467145. What is n(-557)?
178
Let y(t) = 3651*t - 61967. Determine y(17).
100
Let v(b) = -2*b**3 + 8*b**2 + 26*b + 31. What is v(8)?
-273
Let h(l) = -16*l**2 - 4446*l - 12640. Determine h(-275).
10
Let p(s) = -s**2 - 44*s - 315. Calculate p(-35).
0
Let r(f) = f**2 - 18094*f - 398550. Give r(-22).
2
Let p(z) = 3*z**3 - 307*z**2 + 5132*z - 136. Determine p(21).
32
Let b(h) = -114*h**2 + 2286*h + 14. Give b(20).
134
Let u(x) = -2*x**3 + 316*x**2 - 942*x + 1865. Determine u(155).
5
Let h(d) = 9889*d + 9955. Give h(-1).
66
Let v(g) = 41*g**2 + 342*g - 970. Calculate v(5).
1765
Let y(n) = -7*n**2 + 2330*n + 454828. Give y(-138).
-20
Let n(o) = -10*o**2 - 13759*o + 5. Give n(0).
5
Let n(p) = 177013*p - 885066. Determine n(5).
-1
Let i(a) = 1853*a + 61066. Give i(-33).
-83
Let a(v) = 20*v**3 + 3520*v**2 - 3*v - 525. Calculate a(-176).
3
Let y(h) = 22*h**3 + 10*h**2 + 79*h + 193. Give y(-3).
-548
Let t(l) = 751*l - 71283. What is t(95)?
62
Let t(i) = 153355*i + 153691. Calculate t(-1).
336
Let r(h) = 2*h**3 - 168*h**2 - 677*h - 2335. What is r(88)?
41
Let k(l) = 4378*l + 48551. Calculate k(-11).
393
Let r(y) = -264*y + 2080. Calculate r(12).
-1088
Let s(t) = t**3 + 17*t**2 - 172*t - 476. Give s(-23).
306
Let f(d) = -d**2 - 240*d - 12811. What is f(-66)?
-1327
Let o(c) = -c**3 + 5*c**2 + 554*c - 5733. Determine o(16).
315
Let l(d) = -d**3 + 219*d**2 + 121*d + 21776. Give l(220).
-4
Let a(o) = -8*o**2 + 628*o - 7016. Calculate a(65).
4
Let j(n) = 676*n - 10240. Determine j(17).
1252
Let i(j) = 2*j**3 - 313*j**2 + 5344*j - 124. Give i(137).
13
Let t(j) = -j**3 + 201*j**2 + 201*j + 120. Determine t(202).
-82
Let q(o) = -2631*o - 21059. Determine q(-8).
-11
Let n(c) = 4*c**3 - 822*c**2 - 33626*c + 1535. Determine n(-35).
-5
Let d(x) = -636*x - 17209. What is d(-27)?
-37
Let z(i) = -2*i**3 + 42*i + 44. What is z(-1)?
4
Let u(t) = -1899997*t + 5699998. Determine u(3).
7
Let v(s) = 13*s**2 - 364*s + 684. Calculate v(2).
8
Let k(z) = -2*z**3 + 8*z**2 - 139*z - 1319. Give k(-7).
732
Let d(f) = -4*f**3 - 3642*f**2 + 1874*f + 47368. Determine d(-911).
-4
Let j(y) = 6*y**3 + 145*y**2 - 697*y - 7. Calculate j(5).
883
Let a(j) = -2*j**3 + 115*j**2 + 1828*j - 102669. Determine a(58).
-9
Let v(w) = 1188*w**2 + 194830*w - 367. Give v(-164).
-39
Let h(t) = 412277*t + 3298215. What is h(-8)?
-1
Let i(y) = -2*y**3 + 368*y**2 - 5707*y - 55. What is i(17)?
-548
Let p(n) = 26399*n - 52796. What is p(2)?
2
Let m(i) = -2*i**2 + 204*i - 2464. Give m(84).
560
Let q(z) = -151*z**2 + 2994*z + 538. What is q(20)?
18
Let l(t) = t**2 - 3837*t + 99064. What is l(26)?
-22
Let i(m) = 991*m + 23843. Determine i(-24).
59
Let c(o) = -4*o**2 + 180*o + 388. What is c(47)?
12
Let r(x) = -1750*x + 166278. What is r(95)?
28
Let z(b) = 5*b**2 + 109*b - 40. Determine z(-19).
-306
Let y(q) = -449*q - 8114. Give y(-18).
-32
Let i(o) = o**3 + 23*o**2 + 734*o + 17491. Calculate i(-24).
-701
Let s(t) = -16*t**2 + 156*t + 51. What is s(11)?
-169
Let q(i) = -2752*i - 24725. Calculate q(-9).
43
Let n(l) = -2*l**2 - 11*l + 213. What is n(7)?
38
Let c(u) = u**3 + 196*u**2 + 66*u + 10706. Give c(-196).
-2230
Let w(y) = -1432*y + 11301. Calculate w(8).
-155
Let h(u) = 32019*u**2 + 64030*u - 1. Determine h(-2).
15
Let d(x) = x**3 - 37*x**2 + 324*x - 142. What is d(20)?
-462
Let v(f) = -f**2 + 33895*f - 372664. Give v(11).
60
Let u(s) = 7*s**2 - 3301*s - 13208. Determine u(-4).
108
Let n(z) = 138*z + 16485. Calculate n(-120).
-75
Let t(j) = -j**3 + 6*j**2 + 34*j - 4. What is t(10)?
-64
Let m(c) = -45*c**2 - 9133*c + 397. Calculate m(-203).
-9
Let i(v) = v**2 - 60*v - 15282. Give i(158).
202
Let k(t) = 12*t**2 - 1846*t + 1849. What is k(1)?
15
Let v(h) = -15992*h + 175866. Calculate v(11).
-46
Let n(h) = 204*h + 2873. Give n(-14).
17
Let r(t) = 398*t**2 - 2412*t + 152. Give r(6).
8
Let k(c) = -16966*c - 146. Determine k(0).
-146
Let x(v) = -59*v**3 + 14042*v**2 - 30*v + 7130. What is x(238)?
-10
Let k(t) = -t**2 - 99*t + 732. Give k(8).
-124
Let p(s) = 12*s**3 - 107*s - 110. What is p(-1)?
-15
Let x(h) = -h**3 + 49*h**2 + 18584*h + 109539. Give x(-6).
15
Let a(o) = -1306*o - 9150. Give a(-7).
-8
Let s(o) = o**2 - 27154*o + 13823573. Determine s(519).
8
Let v(x) = -4*x**2 - 123*x - 1066. Calculate v(-11).
-197
Let t(z) = -3*z**3 - 19*z**2 - z + 2. What is t(-10)?
1112
Let g(h) = h**3 + 33*h**2 + 313*h - 18. What is g(-15)?
-663
Let m(w) = -16*w**3 + 1806*w**2 + 226*w - 7. Determine m(113).
-7
Let o(w) = 57*w**2 - 233*w - 709. Give o(-3).
503
Let t(k) = k**2 + 11211*k + 33624. What is t(-3)?
0
Let t(l) = 6*l**3 - 43*l**2 + 265*l - 2417. Calculate t(8).
23
Let w(h) = -11*h**2 - 114*h - 401. Calculate w(-10).
-361
Let b(p) = -2*p**2 + 155*p - 84. Determine b(63).
1743
Let h(s) = -63*s**2 + 10*s + 19. What is h(7)?
-2998
Let l(k) = 2*k**2 + 467*k + 7339. Calculate l(-17).
-22
Let r(f) = 5393*f + 5433. Calculate r(-1).
40
Let i(w) = -2*w**3 - 1032*w**2 + 1955*w - 60597. Determine i(-518).
9
Let l(r) = 42*r**3 - 168*r - 612. What is l(-4)?
-2628
Let r(c) = c**2 - 48664*c - 1412103. Give r(-29).
-6
Let s(k) = -402800*k + 10069999. Determine s(25).
-1
Let f(o) = -o**3 - 5*o**2 - 27*o - 176. Give f(-6).
22
Let x(z) = -4303*z - 163504. What is x(-38)?
10
Let t(d) = 174648*d + 1571821. Calculate t(-9).
-11
Let s(q) = -6*q**2 + 4*q + 608. What is s(11)?
-74
Let v(u) = 3*u**2 + 7183*u - 86296. What is v(12)?
332
Let g(c) = c**2 - 44*c - 898. Determine g(-17).
139
Let f(j) = j**3 - 22*j**2 + 940*j - 23767. Calculate f(24).
-55
Let s(j) = 40*j + 4990. Give s(-136).
-450
Let h(g) = -480*g - 21385. What is h(-45)?
215
Let v(w) = 4572*w - 45320. Determine v(10).
400
Let i(a) = 1013*a - 5958. Give i(6).
120
Let i(j) = -170*j**2 - 2397*j - 335. Calculate i(-14).
-97
Let u(f) = -1265*f - 6398. Determine u(-5).
-73
Let c(p) = -p**3 - 86*p**2 + 3246*p + 60. Determine c(28).
1572
Let t(g) = -g**3 - 28*g**2 + 340*g + 29. Calculate t(-37).
-230
Let b(d) = 2802*d - 27860. Calculate b(10).
160
Let d(l) = -21*l**2 + 14628*l - 22906. Determine d(695).
29
Let r(w) = -w**2 + 111*w + 4161. What is r(140)?
101
Let f(k) = -13*k**3 - 288*k**2 - 306*k + 182